{"id":26,"date":"2018-10-01T18:00:25","date_gmt":"2018-10-01T16:00:25","guid":{"rendered":"http:\/\/aklc.formedia18.savana-hosting.cz\/?page_id=26"},"modified":"2018-10-02T09:14:59","modified_gmt":"2018-10-02T07:14:59","slug":"about-me","status":"publish","type":"page","link":"https:\/\/www.akrybickova.cz\/en\/about-me\/","title":{"rendered":"About me"},"content":{"rendered":"<p>My name is Pavl\u00edna Rybi\u010dkov\u00e1 and I&nbsp;am an attorney-at-law with registered seat in Hradec Kr\u00e1lov\u00e9.<\/p>\n<p>I graduated cumma sum laude from the Faculty of Law of University of Palack\u00fd in Olomouc (2009). During my studies I&nbsp;took a&nbsp;one year study course at the Faculty of Law of Europa-Universit\u00e4t Viadrina, Frankfurt (Oder). I&nbsp;worked as a&nbsp;junior associate with the law firm Hartmann, Jel\u00ednek, Fr\u00e1\u0148a a&nbsp;partne\u0159i, s.r.o. (2009\u20132012). After I&nbsp;passed my Bar examination in 2012, I&nbsp;became a&nbsp;senior associate with the same firm. I&nbsp;worked there until February 2014. I&nbsp;am fluent at English and German, which provides the clients a&nbsp;full comfort while solving their cases regarding foreign speaking customers or business partners.<\/p>\n","protected":false},"excerpt":{"rendered":"<p>My name is Pavl\u00edna Rybi\u010dkov\u00e1 and I&nbsp;am an attorney-at-law with registered seat in Hradec Kr\u00e1lov\u00e9. I&nbsp;graduated cumma sum laude from the Faculty of Law of University of Palack\u00fd in Olomouc (2009). During my studies I&nbsp;took a&nbsp;one year study course at the Faculty of Law of Europa-Universit\u00e4t Viadrina, Frankfurt (Oder). I&nbsp;worked as a&nbsp;junior associate with&nbsp;[\u2026]<\/p>\n","protected":false},"author":1,"featured_media":0,"parent":0,"menu_order":0,"comment_status":"closed","ping_status":"closed","template":"","meta":{"wp_typography_post_enhancements_disabled":false,"footnotes":""},"class_list":["post-26","page","type-page","status-publish","hentry"],"_links":{"self":[{"href":"https:\/\/www.akrybickova.cz\/en\/wp-json\/wp\/v2\/pages\/26"}],"collection":[{"href":"https:\/\/www.akrybickova.cz\/en\/wp-json\/wp\/v2\/pages"}],"about":[{"href":"https:\/\/www.akrybickova.cz\/en\/wp-json\/wp\/v2\/types\/page"}],"author":[{"embeddable":true,"href":"https:\/\/www.akrybickova.cz\/en\/wp-json\/wp\/v2\/users\/1"}],"replies":[{"embeddable":true,"href":"https:\/\/www.akrybickova.cz\/en\/wp-json\/wp\/v2\/comments?post=26"}],"version-history":[{"count":2,"href":"https:\/\/www.akrybickova.cz\/en\/wp-json\/wp\/v2\/pages\/26\/revisions"}],"predecessor-version":[{"id":412,"href":"https:\/\/www.akrybickova.cz\/en\/wp-json\/wp\/v2\/pages\/26\/revisions\/412"}],"wp:attachment":[{"href":"https:\/\/www.akrybickova.cz\/en\/wp-json\/wp\/v2\/media?parent=26"}],"curies":[{"name":"wp","href":"https:\/\/api.w.org\/{rel}","templated":true}]}}

<p>My name is Pavlína Rybičková and I&nbsp;am an attorney-at-law with registered seat in Hradec Králové.</p>
<p>I graduated cumma sum laude from the Faculty of Law of University of Palacký in Olomouc (2009). During my studies I&nbsp;took a&nbsp;one year study course at the Faculty of Law of Europa-Universität Viadrina, Frankfurt (Oder). I&nbsp;worked as a&nbsp;junior associate with the law firm Hartmann, Jelínek, Fráňa a&nbsp;partneři, s.r.o. (2009–2012). After I&nbsp;passed my Bar examination in 2012, I&nbsp;became a&nbsp;senior associate with the same firm. I&nbsp;worked there until February 2014. I&nbsp;am fluent at English and German, which provides the clients a&nbsp;full comfort while solving their cases regarding foreign speaking customers or business partners.</p>

<p>My name is Pavlína Rybičková and I&nbsp;am an attorney-at-law with registered seat in Hradec Králové. I&nbsp;graduated cumma sum laude from the Faculty of Law of University of Palacký in Olomouc (2009). During my studies I&nbsp;took a&nbsp;one year study course at the Faculty of Law of Europa-Universität Viadrina, Frankfurt (Oder). I&nbsp;worked as a&nbsp;junior associate with&nbsp;[…]</p>
